[INFO] cloning repository https://github.com/Zeno343/menus
[INFO] running `Command { std: "git" "-c" "credential.helper=" "-c" "credential.helper=/workspace/cargo-home/bin/git-credential-null" "clone" "--bare" "https://github.com/Zeno343/menus" "/workspace/cache/git-repos/https%3A%2F%2Fgithub.com%2FZeno343%2Fmenus", kill_on_drop: false }`
[INFO] [stderr] Cloning into bare repository '/workspace/cache/git-repos/https%3A%2F%2Fgithub.com%2FZeno343%2Fmenus'...
[INFO] running `Command { std: "git" "rev-parse" "HEAD", kill_on_drop: false }`
[INFO] [stdout] c014d50b31819b74d4d53cc0ad6429e3386e93a7
[INFO] checking Zeno343/menus against try#72f88fc4e9458f89516a0b8b0868f3718aec5b47 for pr-74989
[INFO] running `Command { std: "git" "clone" "/workspace/cache/git-repos/https%3A%2F%2Fgithub.com%2FZeno343%2Fmenus" "/workspace/builds/worker-14/source", kill_on_drop: false }`
[INFO] [stderr] Cloning into '/workspace/builds/worker-14/source'...
[INFO] [stderr] done.
[INFO] validating manifest of git repo https://github.com/Zeno343/menus on toolchain 72f88fc4e9458f89516a0b8b0868f3718aec5b47
[INFO] running `Command { std: "/workspace/cargo-home/bin/cargo" "+72f88fc4e9458f89516a0b8b0868f3718aec5b47" "read-manifest" "--manifest-path" "Cargo.toml", kill_on_drop: false }`
[INFO] started tweaking git repo https://github.com/Zeno343/menus
[INFO] removed path dependency oxydyze from git repo https://github.com/Zeno343/menus
[INFO] finished tweaking git repo https://github.com/Zeno343/menus
[INFO] tweaked toml for git repo https://github.com/Zeno343/menus written to /workspace/builds/worker-14/source/Cargo.toml
[INFO] crate git repo https://github.com/Zeno343/menus already has a lockfile, it will not be regenerated
[INFO] running `Command { std: "/workspace/cargo-home/bin/cargo" "+72f88fc4e9458f89516a0b8b0868f3718aec5b47" "fetch" "--locked" "--manifest-path" "Cargo.toml", kill_on_drop: false }`
[INFO] [stderr] warning: dependency (oxydyze) specified without providing a local path, Git repository, or version to use. This will be considered an error in future versions
[INFO] [stderr]     Updating crates.io index
[INFO] [stderr] error: the lock file /workspace/builds/worker-14/source/Cargo.lock needs to be updated but --locked was passed to prevent this
[INFO] [stderr] If you want to try to generate the lock file without accessing the network, use the --offline flag.
[INFO] the lockfile is outdated, regenerating it
[INFO] running `Command { std: "/workspace/cargo-home/bin/cargo" "+72f88fc4e9458f89516a0b8b0868f3718aec5b47" "generate-lockfile" "--manifest-path" "Cargo.toml" "-Zno-index-update", kill_on_drop: false }`
[INFO] running `Command { std: "/workspace/cargo-home/bin/cargo" "+72f88fc4e9458f89516a0b8b0868f3718aec5b47" "fetch" "--locked" "--manifest-path" "Cargo.toml", kill_on_drop: false }`
[INFO] [stderr] warning: dependency (oxydyze) specified without providing a local path, Git repository, or version to use. This will be considered an error in future versions
[INFO] [stderr]     Blocking waiting for file lock on package cache
[INFO] running `Command { std: "docker" "create" "-v" "/var/lib/crater-agent-workspace/builds/worker-14/target:/opt/rustwide/target:rw,Z" "-v" "/var/lib/crater-agent-workspace/builds/worker-14/source:/opt/rustwide/workdir:ro,Z" "-v" "/var/lib/crater-agent-workspace/cargo-home:/opt/rustwide/cargo-home:ro,Z" "-v" "/var/lib/crater-agent-workspace/rustup-home:/opt/rustwide/rustup-home:ro,Z" "-e" "SOURCE_DIR=/opt/rustwide/workdir" "-e" "CARGO_TARGET_DIR=/opt/rustwide/target" "-e" "CARGO_HOME=/opt/rustwide/cargo-home" "-e" "RUSTUP_HOME=/opt/rustwide/rustup-home" "-w" "/opt/rustwide/workdir" "-m" "1610612736" "--user" "0:0" "--network" "none" "rustops/crates-build-env@sha256:d92eaeed33fa75130ca1ee6c8a01d1ffb62bac859dfdfb3450e3e5d1c0146529" "/opt/rustwide/cargo-home/bin/cargo" "+72f88fc4e9458f89516a0b8b0868f3718aec5b47" "metadata" "--no-deps" "--format-version=1", kill_on_drop: false }`
[INFO] [stdout] d89433300ac421f2cee5a08154da6ca19505d4e4c9d8caf528e39a8f24e1bd06
[INFO] [stderr] WARNING: Your kernel does not support swap limit capabilities or the cgroup is not mounted. Memory limited without swap.
[INFO] running `Command { std: "docker" "start" "-a" "d89433300ac421f2cee5a08154da6ca19505d4e4c9d8caf528e39a8f24e1bd06", kill_on_drop: false }`
[INFO] running `Command { std: "docker" "inspect" "d89433300ac421f2cee5a08154da6ca19505d4e4c9d8caf528e39a8f24e1bd06", kill_on_drop: false }`
[INFO] running `Command { std: "docker" "rm" "-f" "d89433300ac421f2cee5a08154da6ca19505d4e4c9d8caf528e39a8f24e1bd06", kill_on_drop: false }`
[INFO] [stdout] d89433300ac421f2cee5a08154da6ca19505d4e4c9d8caf528e39a8f24e1bd06
[INFO] running `Command { std: "docker" "create" "-v" "/var/lib/crater-agent-workspace/builds/worker-14/target:/opt/rustwide/target:rw,Z" "-v" "/var/lib/crater-agent-workspace/builds/worker-14/source:/opt/rustwide/workdir:ro,Z" "-v" "/var/lib/crater-agent-workspace/cargo-home:/opt/rustwide/cargo-home:ro,Z" "-v" "/var/lib/crater-agent-workspace/rustup-home:/opt/rustwide/rustup-home:ro,Z" "-e" "SOURCE_DIR=/opt/rustwide/workdir" "-e" "CARGO_TARGET_DIR=/opt/rustwide/target" "-e" "CARGO_INCREMENTAL=0" "-e" "RUST_BACKTRACE=full" "-e" "RUSTFLAGS=--cap-lints=forbid" "-e" "CARGO_HOME=/opt/rustwide/cargo-home" "-e" "RUSTUP_HOME=/opt/rustwide/rustup-home" "-w" "/opt/rustwide/workdir" "-m" "1610612736" "--user" "0:0" "--network" "none" "rustops/crates-build-env@sha256:d92eaeed33fa75130ca1ee6c8a01d1ffb62bac859dfdfb3450e3e5d1c0146529" "/opt/rustwide/cargo-home/bin/cargo" "+72f88fc4e9458f89516a0b8b0868f3718aec5b47" "check" "--frozen" "--all" "--all-targets" "--message-format=json", kill_on_drop: false }`
[INFO] [stdout] bbe7b59550ebef691ef459a9cce15b52df50d6ed25991c792049f1e6a6697118
[INFO] [stderr] WARNING: Your kernel does not support swap limit capabilities or the cgroup is not mounted. Memory limited without swap.
[INFO] running `Command { std: "docker" "start" "-a" "bbe7b59550ebef691ef459a9cce15b52df50d6ed25991c792049f1e6a6697118", kill_on_drop: false }`
[INFO] [stderr] warning: dependency (oxydyze) specified without providing a local path, Git repository, or version to use. This will be considered an error in future versions
[INFO] [stderr]    Compiling libc v0.2.77
[INFO] [stderr]    Compiling bitflags v1.2.1
[INFO] [stderr]    Compiling sdl2-sys v0.33.0
[INFO] [stderr]    Compiling sdl2 v0.33.0
[INFO] [stderr]     Checking oxydyze v0.1.1
[INFO] [stderr]     Checking text_test v0.1.0 (/opt/rustwide/workdir)
[INFO] [stdout] error[E0432]: unresolved import `oxydyze::util::math::SimpleRng`
[INFO] [stdout]   --> src/main.rs:10:36
[INFO] [stdout]    |
[INFO] [stdout] 10 | use oxydyze::util::math::{ Number, SimpleRng };
[INFO] [stdout]    |                                    ^^^^^^^^^ no `SimpleRng` in `util::math`
[INFO] [stdout] 
[INFO] [stdout] 
[INFO] [stdout] error[E0432]: unresolved imports `oxydyze::util::renderer::SdlRenderer`, `oxydyze::util::renderer::Text`
[INFO] [stdout]   --> src/main.rs:11:45
[INFO] [stdout]    |
[INFO] [stdout] 11 | use oxydyze::util::renderer::{ SdlDrawable, SdlRenderer, Text };
[INFO] [stdout]    |                                             ^^^^^^^^^^^  ^^^^ no `Text` in `util::renderer`
[INFO] [stdout]    |                                             |
[INFO] [stdout]    |                                             no `SdlRenderer` in `util::renderer`
[INFO] [stdout] 
[INFO] [stdout] 
[INFO] [stdout] error[E0432]: unresolved import `oxydyze::util::renderer::Menu`
[INFO] [stdout]   --> src/main.rs:12:5
[INFO] [stdout]    |
[INFO] [stdout] 12 | use oxydyze::util::renderer::Menu;
[INFO] [stdout]    |     ^^^^^^^^^^^^^^^^^^^^^^^^^^^^^ no `Menu` in `util::renderer`
[INFO] [stdout] 
[INFO] [stdout] 
[INFO] [stdout] error[E0432]: unresolved import `oxydyze::util::debug`
[INFO] [stdout]   --> src/main.rs:13:20
[INFO] [stdout]    |
[INFO] [stdout] 13 | use oxydyze::util::debug::Debug;
[INFO] [stdout]    |                    ^^^^^ could not find `debug` in `util`
[INFO] [stdout] 
[INFO] [stdout] 
[INFO] [stdout] error[E0432]: unresolved import `oxydyze::util::math::SimpleRng`
[INFO] [stdout]   --> src/main.rs:10:36
[INFO] [stdout]    |
[INFO] [stdout] 10 | use oxydyze::util::math::{ Number, SimpleRng };
[INFO] [stdout]    |                                    ^^^^^^^^^ no `SimpleRng` in `util::math`
[INFO] [stdout] 
[INFO] [stdout] 
[INFO] [stdout] error[E0432]: unresolved imports `oxydyze::util::renderer::SdlRenderer`, `oxydyze::util::renderer::Text`
[INFO] [stdout]   --> src/main.rs:11:45
[INFO] [stdout]    |
[INFO] [stdout] 11 | use oxydyze::util::renderer::{ SdlDrawable, SdlRenderer, Text };
[INFO] [stdout]    |                                             ^^^^^^^^^^^  ^^^^ no `Text` in `util::renderer`
[INFO] [stdout]    |                                             |
[INFO] [stdout]    |                                             no `SdlRenderer` in `util::renderer`
[INFO] [stdout] 
[INFO] [stdout] 
[INFO] [stdout] error[E0432]: unresolved import `oxydyze::util::renderer::Menu`
[INFO] [stdout]   --> src/main.rs:12:5
[INFO] [stdout]    |
[INFO] [stdout] 12 | use oxydyze::util::renderer::Menu;
[INFO] [stdout]    |     ^^^^^^^^^^^^^^^^^^^^^^^^^^^^^ no `Menu` in `util::renderer`
[INFO] [stdout] 
[INFO] [stdout] 
[INFO] [stdout] error[E0432]: unresolved import `oxydyze::util::debug`
[INFO] [stdout]   --> src/main.rs:13:20
[INFO] [stdout]    |
[INFO] [stdout] 13 | use oxydyze::util::debug::Debug;
[INFO] [stdout]    |                    ^^^^^ could not find `debug` in `util`
[INFO] [stdout] 
[INFO] [stdout] 
[INFO] [stdout] warning: unused import: `SdlDrawable`
[INFO] [stdout]   --> src/main.rs:11:32
[INFO] [stdout]    |
[INFO] [stdout] 11 | use oxydyze::util::renderer::{ SdlDrawable, SdlRenderer, Text };
[INFO] [stdout]    |                                ^^^^^^^^^^^
[INFO] [stdout]    |
[INFO] [stdout]    = note: `#[warn(unused_imports)]` on by default
[INFO] [stdout] 
[INFO] [stdout] 
[INFO] [stdout] warning: unused import: `SdlDrawable`
[INFO] [stdout]   --> src/main.rs:11:32
[INFO] [stdout]    |
[INFO] [stdout] 11 | use oxydyze::util::renderer::{ SdlDrawable, SdlRenderer, Text };
[INFO] [stdout]    |                                ^^^^^^^^^^^
[INFO] [stdout]    |
[INFO] [stdout]    = note: `#[warn(unused_imports)]` on by default
[INFO] [stdout] 
[INFO] [stdout] 
[INFO] [stdout] error: aborting due to 4 previous errors; 1 warning emitted
[INFO] [stdout] 
[INFO] [stdout] 
[INFO] [stdout] For more information about this error, try `rustc --explain E0432`.
[INFO] [stdout] 
[INFO] [stderr] error: could not compile `text_test`.
[INFO] [stderr] 
[INFO] [stderr] To learn more, run the command again with --verbose.
[INFO] [stderr] warning: build failed, waiting for other jobs to finish...
[INFO] [stdout] error: aborting due to 4 previous errors; 1 warning emitted
[INFO] [stdout] 
[INFO] [stdout] 
[INFO] [stdout] For more information about this error, try `rustc --explain E0432`.
[INFO] [stdout] 
[INFO] [stderr] error: build failed
[INFO] running `Command { std: "docker" "inspect" "bbe7b59550ebef691ef459a9cce15b52df50d6ed25991c792049f1e6a6697118", kill_on_drop: false }`
[INFO] running `Command { std: "docker" "rm" "-f" "bbe7b59550ebef691ef459a9cce15b52df50d6ed25991c792049f1e6a6697118", kill_on_drop: false }`
[INFO] [stdout] bbe7b59550ebef691ef459a9cce15b52df50d6ed25991c792049f1e6a6697118
